89. Let l = -785 + 1339. Let a = l - s. Is a prime?
False
Suppose -30*i + 43 = -47. Suppose 0 = -v + i*a + 2377, -6*v + 2*v + 9494 = -5*a. Is v a composite number?
False
Suppose 0 = -6*t + 3*t - 3*t + 938148. Is t a prime number?
False
Suppose -12*j - 6 = -14*j. Suppose 0*v = j*v - 3126. Is v composite?
True
Suppose 3*w = -4*g - 497, -4*g = w - 195 + 686. Let p = g - -290. Let j = 311 - p. Is j a composite number?
True
Let u(n) = -8*n**3 - 11*n**2 + 27*n + 7. Is u(-6) prime?
False
Suppose 57983 = o - p, 310014 - 78110 = 4*o + 3*p. Is o a prime number?
False
Suppose -12*j = -8*j - 8. Let t be ((-221)/26)/(j/(-28)). Let u = t + 378. Is u prime?
False
Is 9390122/13 + (-40)/520 a prime number?
True
Suppose -11 = 3*n - m - 41, 0 = 3*n + 4*m - 15. Suppose 9 = 3*q, -2*u + 4*q - n*q - 3941 = 0. Let a = 3227 + u. Is a composite?
False
Let n be -1*(1/(-1) + 1). Suppose j - 134 = -n*j. Let a = 279 - j. Is a a prime number?
False
Let g(s) = -237*s - 49. Let k = 85 - 56. Suppose 0*t = -3*t - 3*d - 21, -3*d - k = 4*t. Is g(t) a prime number?
True
Let p(r) = -r**2 - 2*r + 2. Let b be p(0). Is 7237 + (b - (30/5)/3) composite?
False
Suppose 0 = -3*p, 0*l = -5*l - 3*p + 10. Suppose -10*j - 1221 = -12*j - s, l*j = 2*s + 1236. Is j a composite number?
False
Let c be (-4 + (5 - 4))*(-26)/(-3). Suppose 4*v = 5*v + 78. Is (-18048)/c + (-3)/(v/(-4)) composite?
True
Let u = -36 + 13. Let a(s) = 33*s**2 + s**3 + 3*s + 24*s - 7*s**2 - 11 + 0*s**2. Is a(u) a prime number?
False
Suppose -2 = 12*q - 110. Is 48560/144 + (-2)/q prime?
True
Is (-118)/(-4)*(-14 + 21 + 2511) prime?
False
Suppose 25752 = -4*q + 12*q. Suppose b = q + 620. Is b a composite number?
True
Suppose 13*a - 95*a + 1164154 = 0. Is a a composite number?
False
Suppose 46373 + 65591 = 2*x - 5*n, 3*x - 4*n - 167974 = 0. Is x prime?
False
Suppose 4 = -7*g + 3*g + 4*t, -g + 3*t = 11. Suppose -g*c + 6340 = 1644. Let b = c - 257. Is b a composite number?
True
Suppose -4*p - 3*f - 295 = 0, 2*f = -5*p - 2*f - 370. Let g = -65 - p. Suppose -2*h + m + 6185 = -2206, 20940 = g*h + 5*m. Is h a prime number?
False
Suppose 5*v + k = 4*v + 5, -5*v - 4*k = -20. Suppose 2*o - 10 = -3*q, -4*o = -q - v*q - 20. Suppose 3*w - 3*x - 264 = q, x - 2 + 1 = 0. Is w a prime number?
True
Suppose -4*u + 63933 = f, -2*f = -3*u + 7*u - 127846. Is f composite?
False
Let v be (-96)/160*220/(-6). Is (23 - v) + (0 - -1136) composite?
True
Let c(b) = -b**2 + 11*b + 23. Let p be c(22). Let i = -125 - p. Let r = i - 43. Is r a prime number?
False
Suppose 2*v + 53 = 125. Suppose -v*j + 46*j - 38990 = 0. Is j a prime number?
False
Suppose -39*u = -184*u - 2676924 + 31180879. Is u prime?
True
Suppose -4*h = -s - 823, -2*h - 67 = -5*s - 456. Let b be 46/h + (-6091)/(-9). Suppose -i - 3*n = -b, 4*i + 4*n = 3*i + 673. Is i composite?
True
Let x(l) be the first derivative of l**3/3 + 3*l**2/2 - 8*l + 1. Let f be x(-5). Suppose -f*h - 5*h = -105. Is h a prime number?
False
Suppose 0 = -24*i + 4559 + 36145. Is (i/(-80))/(6/(-195)) a composite number?
True
Let l(h) = 45*h**3 + 48*h**2 + 9*h - 23. Is l(7) a prime number?
True
Let j be (5 + 510 + -1)/((-4)/(-14)). Suppose -3*n = -3, 5*m - j = -5*n + n. Is m a prime number?
True
Let c = 16 - 14. Let y be (-10)/c*(-7 - 41/(-5)). Is (7071/12 + y)*4*1 prime?
True
Let a = 2503 + 193. Let o = 9 + a. Is o a composite number?
True
Suppose 79 + 177 = 2*o. Suppose o*x - 130*x + 22652 = 0. Suppose 1431 = -5*u + x. Is u a composite number?
False
Suppose 2*i + 8 = 0, -5*h - 3*i = -2325881 - 957462. Is h prime?
True
Let d = 239357 - 86712. Is d composite?
True
Let m(t) = t**2 - 15*t + 46. Let k be m(13). Suppose -27*n = -k*n - 2863. Is n prime?
True
Let a(c) = -2*c**2 - 9*c + 5. Let y be a(-5). Suppose 3*q - 4*o - 22 - 22 = y, 4*q - 3*o = 47. Suppose -342 + 1038 = q*t. Is t a composite number?
True
Suppose 7*b + 365 + 111 = 0. Let r = 46 + b. Is 4/22 + (-14098)/r a prime number?
True
Let r be 11864/4 + (-4)/(-1). Suppose g - 210 - r = 0. Let k = -1231 + g. Is k composite?
False
Suppose -18 = 3*r - 54. Suppose -5*t = -f, 0*f + 4*t - r = 2*f. Is (-5)/((-125)/2230) + 2/f prime?
True
Suppose 5*o + 3 = -3*q + 2*o, -2*q = 5*o + 11. Suppose -24 = 4*k - 8, k - 7434 = -q*w. Is w composite?
False
Let j be 2291/3 - (-2)/6. Let s be (38/(-10))/(62/(-52390)). Suppose 3*h - s = -4*f, -j = -3*h + 5*f + 2465. Is h composite?
True
Let p be 3/(0 + -12) - (-121)/(-44). Let n be ((-7578)/(-15))/p - 12/(-30). Let q = n - -1009. Is q prime?
False
Let d = 116759 - 77820. Is d composite?
True
Let x(m) = m**2 - 10*m + 31. Let f be x(7). Suppose f*a = -11*a + 536823. Is a prime?
False
Suppose -2*s - 10 = -2*d, -5*d + 3*s - 7*s - 2 = 0. Suppose -5*t = -2*t - d*c - 10437, 4*c - 12 = 0. Is t prime?
False
Let n = 271921 + -127688. Is n a prime number?
False
Is ((2/9)/(-1))/((-2)/(-3))*-1879431 prime?
True
Let a(t) = 1243*t + 278. Is a(15) a composite number?
True
Let o = 1896 - 266. Let u(h) = 46*h - 41. Let x be u(19). Let q = o - x. Is q prime?
True
Suppose 21595*g - 6251495 = 21578*g. Is g a composite number?
True
Let k = 145 + -140. Suppose k*t + 9*s = 14*s + 14215, -4*t + 11396 = 4*s. Is t a prime number?
False
Let g = 28 - 41. Let s be g/(-3) - (-1)/(-12)*4. Suppose -t - 3*c = -s*t + 11421, 19019 = 5*t + 3*c. Is t prime?
False
Suppose 125*l - 16104840 - 11119333 = -42*l. Is l prime?
True
Is (5*19159568/(-40))/(-2) - (2 + 4) a composite number?
False
Suppose -8*d = -23*d - 120. Let g(w) = 3*w**2 - 10*w - 49. Is g(d) a composite number?
False
Let h be (-15)/(-6) - (-4 + 21/6). Suppose 2*l - h*l + 129 = 0. Let s = l - 58. Is s a prime number?
True
Let m = -10 + 6. Is (-3 - m)/(((-2)/7926)/(-1)) composite?
True
Let o(k) = 2243*k - 1744. Is o(85) prime?
True
Let w = 1047 - -8042. Let k = -5940 + w. Is k a prime number?
False
Let r(v) = 49727*v - 1332. Is r(13) a composite number?
True
Let y(q) = 1690*q**2 - 89*q - 205. Is y(6) a composite number?
False
Suppose 422006 = 4*v - 910902. Is v prime?
True
Let k(p) be the first derivative of 4*p**4 + 4*p**3/3 + 4*p**2 + 46*p - 262. Is k(11) a composite number?
True
Suppose -h = -2, -2*h + 21237 = 2*g - 10615. Let w = g + 12589. Is w prime?
True
Let w = 105 - 107. Let b be (3 + -4)*(w - -1). Is (b*337)/(2/2) a composite number?
False
Let x = -86928 - -144757. Is x composite?
False
Let c = -922592 - -1619083. Is c a prime number?
True
Suppose 18*b = 12*b + 19098. Suppose 5*r = -i - b, -645 = r - 0*r + 3*i. Let g = 19 - r. Is g a composite number?
True
Let n be -2*1/(-6)*3. Let u be (-14)/(-2) + 8/8 + n. Suppose -u*o + 2430 = -2061. Is o composite?
False
Is (-4876602)/(-17) + (-15 - 8704/(-578)) a composite number?
False
Suppose -2*m - 58 - 12 = 0. Let q = m - -195. Let a = 254 - q. Is a a composite number?
True
Let c = 731 - 738. Let t(a) = a**3 - 14*a**2 + 2*a + 14. Let v(l) = l**3 + l**2 - l + 1. Let n(f) = -t(f) + 2*v(f). Is n(c) composite?
False
Let z be (-3)/12 - (-2826)/8. Suppose -12*k - 3264 = -44*k. Let l = z - k. Is l a prime number?
True
Suppose 3*a - 31733 = -p, 27*a = 29*a - 2*p - 21150. Let i = a - -15564. Is i a composite number?
False
Let a(o) = -o**3 + 10*o**2 - 9*o + 1. Let z = 9 + -8. Let u be z + 2 - (-1 - 3). Is a(u) a composite number?
True
Let y be (1/(-2))/(4*5/(-93200)). Let v = 11327 - y. Is v composite?
True
Let v(t) = -2*t**2 - 17 + 7*t + 33*t - 3*t + 1. Let j be v(18). Suppose 5*y - 1259 = -j*q, -3*q - 751 = -3*y - 2*q. Is y a prime number?
True
Let c(b) = -22*b + 3. Let i(k) = 0*k + 0*k**2 - k**2 - 4*k - 9 - 6*k. Let f be i(-10). Is c(f) a prime number?
False
Suppose -q - 16 = -5*q, 0 = -5*h + 3*q + 4073. Suppose -483 = 3*k - 7*j + 4*j, 5*k + h = -j. Is 1 + -4 - (k + 5 + -3) prime?
False
Let p(l) = -1137*l**2 + 4*l - 2. Let s(g) = -2276*g**2 + 7*g - 2. Let v(k) = -5*p(k) + 2*s(k). Is v(-3) prime?
False
Let b(r) = -r**2 + 86*r - 774. Let p be b(10). Let x(k) = -8 - 119*k - 32 - 8. Is x(p) composite?
True
Suppose 7*z = -7*z. Suppose 2*h + z*h + 8*h = 0. Suppose -6*j - 107 + 815 = h. Is j prime?
False
Let n(l) = -l**2 - 4*l - 3. Let u(s) = -2*s**2 - 7*s - 5. Suppose -4*v - 17 - 7 = 0. Let w(f) = v*u(f) + 13*n(f). Is w(-8) prime?
True
Let t be (-1 - 18) + -15*6/(-30). Let i(m) = 4*m**2 + 2*m + 81. Is i(t) a composite number?
True
Suppose 3406121 = 5*c - 4*x, 330*c - 325*c = 2*x